{"id":82,"date":"2020-02-26T06:02:36","date_gmt":"2020-02-26T06:02:36","guid":{"rendered":"https:\/\/www.kalbermatter.edu.pe\/?page_id=82"},"modified":"2020-03-05T14:39:18","modified_gmt":"2020-03-05T14:39:18","slug":"presentacion","status":"publish","type":"page","link":"https:\/\/www.kalbermatter.edu.pe\/index.php\/presentacion\/","title":{"rendered":"Presentaci\u00f3n"},"content":{"rendered":"\n<p> Somos una Instituci\u00f3n educativa privada adventista al servicio de la sociedad, que brindamos una educaci\u00f3n integral con principios y valores cristianos.<\/p>\n\n\n\n<p>Que\ntransmite no solo conocimientos acad\u00e9micos, sino que adem\u00e1s\npromueve el desarrollo equilibrado e integral de los estudiantes \u2013\nespiritual, intelectual, f\u00edsico y social. La filosof\u00eda adventista\nde la educaci\u00f3n se fundamenta en Cristo, por lo que los adventistas\ncreemos que, bajo la gu\u00eda del Esp\u00edritu Santo, el car\u00e1cter y los\nprop\u00f3sitos a desarrollar son los de una vida de fe en Dios y respeto\npor la dignidad de todos los seres humanos.<\/p>\n\n\n\n<p>\nNuestra\ncomunidad educativa est\u00e1 integrada por estudiantes de habla\ncastellana en su mayor\u00eda adem\u00e1s del quechua y aimara, que provienen\nde familias que se dedican a la actividad econ\u00f3mica del comercio y\nempleados en el sector p\u00fablico.<\/p>\n\n\n\n<p>\nNuestra\nInstituci\u00f3n est\u00e1 ubicada en la avenida Circunvalaci\u00f3n N.\u00ba 539 \u2013\nzona oeste de la ciudad de Juliaca provincia de San Rom\u00e1n\ndepartamento de Puno.<\/p>\n<!-- AddThis Advanced Settings generic via filter on the_content --><!-- AddThis Share Buttons generic via filter on the_content -->","protected":false},"excerpt":{"rendered":"<p>Somos una Instituci\u00f3n educativa privada adventista al servicio de la sociedad, que brindamos una educaci\u00f3n integral con principios y valores cristianos. Que transmite no solo conocimientos acad\u00e9micos, sino que adem\u00e1s promueve el desarrollo equilibrado e integral de los estudiantes \u2013 espiritual, intelectual, f\u00edsico y social. La filosof\u00eda adventista de la [&hellip;]<!-- AddThis Advanced Settings generic via filter on get_the_excerpt --><!-- AddThis Share Buttons generic via filter on get_the_excerpt --><\/p>\n","protected":false},"author":1,"featured_media":0,"parent":0,"menu_order":0,"comment_status":"closed","ping_status":"closed","template":"","meta":{"footnotes":""},"class_list":["post-82","page","type-page","status-publish","hentry"],"_links":{"self":[{"href":"https:\/\/www.kalbermatter.edu.pe\/index.php\/wp-json\/wp\/v2\/pages\/82","targetHints":{"allow":["GET"]}}],"collection":[{"href":"https:\/\/www.kalbermatter.edu.pe\/index.php\/wp-json\/wp\/v2\/pages"}],"about":[{"href":"https:\/\/www.kalbermatter.edu.pe\/index.php\/wp-json\/wp\/v2\/types\/page"}],"author":[{"embeddable":true,"href":"https:\/\/www.kalbermatter.edu.pe\/index.php\/wp-json\/wp\/v2\/users\/1"}],"replies":[{"embeddable":true,"href":"https:\/\/www.kalbermatter.edu.pe\/index.php\/wp-json\/wp\/v2\/comments?post=82"}],"version-history":[{"count":3,"href":"https:\/\/www.kalbermatter.edu.pe\/index.php\/wp-json\/wp\/v2\/pages\/82\/revisions"}],"predecessor-version":[{"id":162,"href":"https:\/\/www.kalbermatter.edu.pe\/index.php\/wp-json\/wp\/v2\/pages\/82\/revisions\/162"}],"wp:attachment":[{"href":"https:\/\/www.kalbermatter.edu.pe\/index.php\/wp-json\/wp\/v2\/media?parent=82"}],"curies":[{"name":"wp","href":"https:\/\/api.w.org\/{rel}","templated":true}]}}

Presentación

<p> Somos una Institución educativa privada adventista al servicio de la sociedad, que brindamos una educación integral con principios y valores cristianos.</p>



<p>Que
transmite no solo conocimientos académicos, sino que además
promueve el desarrollo equilibrado e integral de los estudiantes –
espiritual, intelectual, físico y social. La filosofía adventista
de la educación se fundamenta en Cristo, por lo que los adventistas
creemos que, bajo la guía del Espíritu Santo, el carácter y los
propósitos a desarrollar son los de una vida de fe en Dios y respeto
por la dignidad de todos los seres humanos.</p>



<p>
Nuestra
comunidad educativa está integrada por estudiantes de habla
castellana en su mayoría además del quechua y aimara, que provienen
de familias que se dedican a la actividad económica del comercio y
empleados en el sector público.</p>



<p>
Nuestra
Institución está ubicada en la avenida Circunvalación N.º 539 –
zona oeste de la ciudad de Juliaca provincia de San Román
departamento de Puno.</p>
<!-- AddThis Advanced Settings generic via filter on the_content --><!-- AddThis Share Buttons generic via filter on the_content -->

<p>Somos una Institución educativa privada adventista al servicio de la sociedad, que brindamos una educación integral con principios y valores cristianos. Que transmite no solo conocimientos académicos, sino que además promueve el desarrollo equilibrado e integral de los estudiantes – espiritual, intelectual, físico y social. La filosofía adventista de la [&hellip;]<!-- AddThis Advanced Settings generic via filter on get_the_excerpt --><!-- AddThis Share Buttons generic via filter on get_the_excerpt --></p>
